y**2. Let d(x) be the second derivative of i(x). Calculate d(-3).
14
Let k = -139 - -144. Let r(b) = -b - 4. Calculate r(k).
-9
Let c = 1 + -5. Let n(u) = u - 1. Let b(o) = -o + 3. Let x(k) = 4*b(k) + 6*n(k). Determine x(c).
-2
Let o(b) = 7*b**2 + 11*b - 10. Let k(z) = -32*z - 10*z**2 - 10*z**2 + 26 + 13 - 9. Let r(i) = -6*k(i) - 17*o(i). Give r(-7).
4
Let k(q) = -2 - 5*q + 5*q - 6*q. Give k(2).
-14
Let p(o) = -o**3 + 7*o**2 + 2*o - 8. Suppose 0 = 9*i - 22 - 41. What is p(i)?
6
Suppose 2*t - 4*t - 2 = 2*u, -t - 5 = 5*u. Suppose f + t - 6 = 0. Let p(n) = -8 + 6*n + 5*n**3 - 7*n**2 - 6*n**3 + 2*n**3. What is p(f)?
-8
Suppose 0*q - 30 = -5*q. Let x(k) = -11*k**3 + 2*k - k + 5 - q*k**2 - 2*k + 12*k**3. Calculate x(6).
-1
Suppose -3*n + 15 = -6*n. Let h(p) be the first derivative of -p**4/4 - 5*p**3/3 + p**2/2 + p - 13. Calculate h(n).
-4
Let z be -2 + 1 + 5 - -1. Suppose z - 1 = -2*l. Let t(u) = u + 6. Let i(k) = -k - 5. Let q(p) = 4*i(p) + 3*t(p). Determine q(l).
0
Let x(v) = v. Let z(b) = 3*b - 2. Let f(p) = 4*x(p) - z(p). Calculate f(-4).
-2
Let v(t) = 14*t + 1 - 8*t - 5*t. Calculate v(6).
7
Let u(h) = h**2 - 7*h - 9. Let i be u(8). Let c = -4 - i. Let d(g) = g**3 + 4*g**2 + 2*g + 4. Determine d(c).
7
Let a(t) be the second derivative of -t**5/20 - t**4/3 - t**3/6 + t**2 - 21*t. Give a(-3).
-4
Let i = -4 - -4. Suppose w + 3*y - 9 = i, w + 2*y + 0 - 7 = 0. Let g = w + -3. Let t(d) = -d + 2. Determine t(g).
2
Let a(h) = -h**2 - 10*h + 11. Suppose 0 = -2*s - 0*s - 22. Calculate a(s).
0
Let l = -5 - -7. Suppose -2*q + 3*q - 3 = 0. Let j(d) = -d + 3 - 7 + q. Determine j(l).
-3
Let j(c) = -c - 8. Let i be j(-11). Let h(v) be the second derivative of 3*v**2 + 1/6*v**i + v + 0. Calculate h(0).
6
Let p(h) = -5*h**2 - 2*h - 3 - 5 + 14 - 5. Give p(1).
-6
Suppose -4*w + 3*w = 4*f - 9, -5*f = -5. Let b(l) = -l**2 + 4*l + 2. What is b(w)?
-3
Suppose 6 = -3*m - 9. Let f(d) = -d**3 - 4*d**2 + 4*d - 4. What is f(m)?
1
Let r(a) = -a**2 - 7*a + 7. Let j(g) = 2*g**2 + 14*g - 15. Let y(p) = -6*j(p) - 13*r(p). Determine y(-8).
7
Let j(n) = -n**3 + n**2 + 5*n - 2. Let m(p) = -p**2 + 12*p - 24. Let h be m(9). Give j(h).
-5
Let o(p) = p**2 + 5*p + 1. Let c be (-2)/(2*2/(-6)). Let d be (7 - 10)/(c/4). What is o(d)?
-3
Let d be 3 - (1 + 0) - 7. Let f = -4 - -4. Let w(l) = -l + 2*l + 5 + f*l. Calculate w(d).
0
Let w(h) = -h**3 + h**2 - 1. Let a(g) = -g**2 + 14*g + 32. Let i be a(16). Give w(i).
-1
Let y(c) = -c**3 - 4*c**2 + 6*c - 3. Let d(n) = -n**2 + 4. Let g be d(3). What is y(g)?
-8
Let s(m) = -11*m + 5. Let n(d) = 4*d - 2. Let y(i) = -8*n(i) - 3*s(i). Determine y(1).
2
Let y(g) be the third derivative of g**5/60 - g**4/6 - 7*g**3/6 - 5*g**2. Calculate y(6).
5
Let r(k) = -28 + 27 + k**2 - 5*k - k. Let b(y) = -y. Let d = 8 - 13. Let t be b(d). Calculate r(t).
-6
Let l(s) be the first derivative of s**3/3 - 2*s**2 + 6*s + 1. Let o = 4 - 0. Determine l(o).
6
Let h(n) be the third derivative of n**5/20 - 8*n**2. Calculate h(-1).
3
Let m(v) = -v**3 - 5*v**2 + 8*v + 7. Let i be (-2)/4 - 110/20. Determine m(i).
-5
Let n(s) = -s**3 + 0*s + s - 5*s**2 + 0*s**2 + s**2 + 4. Suppose -5*a = -1 + 16. Calculate n(a).
-8
Let y be (-4)/(-10) + 16/10. Let d be -5*(y - (-12)/(-5)). Let k(p) = -p - p**d - p + p. What is k(0)?
0
Let c(b) = -b**3 + 3*b**2 + 4*b + 5. Suppose -r - 2*k = 2*r - 14, -2*r + 4 = -4*k. Give c(r).
5
Let c be (1 - 1) + (3 - 1). Let i(q) be the third derivative of 2*q**2 + 0*q - 1/30*q**5 + 1/12*q**4 + 1/6*q**3 + 0. Determine i(c).
-3
Suppose 0 = -4*b + 5*u + 26, -b + 9*u - 5*u + 12 = 0. Let w = 1 - 1. Let h(y) = 0*y + y**2 - y + w*y - 5. Determine h(b).
7
Let s(g) be the third derivative of 0 + 0*g + 1/3*g**4 - 2*g**2 - 1/120*g**5 + 1/3*g**3. Let u(n) be the first derivative of s(n). Give u(5).
3
Let v(q) = 2*q**2 + 13*q + 5. Let b(u) = u**2 + 7*u + 3. Let d(i) = -11*b(i) + 6*v(i). Calculate d(4).
17
Suppose q = -f - 10 - 0, 0 = 3*q + 15. Let y(m) = m**2 + 6*m + 3. Determine y(f).
-2
Let n = 20 + -15. Let z(h) = h**3 - 5*h**2 - 3*h + 7. What is z(n)?
-8
Let t(a) be the first derivative of a**3 + 3*a**2/2 - 4*a - 3. Let m(o) = -o**3 - o**2 + 1. Let h(w) = -m(w) - t(w). Give h(3).
3
Suppose 11*p - 3*p - 48 = 0. Let z(l) = 4*l - 8*l + 3 + 6. Give z(p).
-15
Let q(o) = -o - 1. Let x(l) = -l. Let p(r) = 2*r**2 + 6*r - 4. Let c be p(-4). Let i(s) = c*x(s) - 6*q(s). Give i(-6).
-6
Let u(f) = -f**2 + f + 4. Suppose 0 = 10*t + 14 - 44. Give u(t).
-2
Let c = -40 + 40. Let s(i) be the second derivative of i**3/6 - 9*i**2/2 - 3*i. Give s(c).
-9
Let v(o) = o**2 - 11*o + 8. Let n be v(10). Let z(u) = -2*u**2 - 3*u. Calculate z(n).
-2
Let f(b) = -b**3 + 6*b**2 - 7*b + 3. Let z(x) = -x**2 - 7. Let r be z(0). Let o(k) = k**3 + 6*k**2 - 9*k - 9. Let q be o(r). Determine f(q).
-7
Suppose 1 = i - 19. Suppose -3*z + 4*g - 20 = 0, 4*z - 5*g + i = -g. Let l(d) be the first derivative of d**4/4 + d**2/2 - 6*d + 1. Calculate l(z).
-6
Let i(k) be the third derivative of 1/120*k**6 + 0*k + 0 + 1/24*k**4 + 1/60*k**5 - 1/3*k**3 + 8*k**2. Calculate i(-2).
-8
Let q = 26 + -21. Let p(y) = -y**2 + 8*y - 4. Calculate p(q).
11
Let v(t) = t**3 - 2*t**2 + t - 2. Let o be 47/9 - 16/72. Let n(m) = -m + 7. Let h be n(o). Give v(h).
0
Let i(h) be the second derivative of -h**5/20 + h**4/2 - h**3/2 - 3*h**2 - 12*h. Calculate i(5).
4
Let t(s) = -30*s**2 + 2 + 13*s**2 + 2*s + 16*s**2. Calculate t(-4).
-22
Let y(o) be the first derivative of 1 + 2*o**3 + 2*o + 5/2*o**2 + 1/4*o**4. Calculate y(-5).
2
Let p = 1 + 1. Let r(d) = 8*d - 3. Let m(x) = x - 1. Let u be m(-4). Let t(j) = -33*j + 12. Let s(f) = u*t(f) - 21*r(f). Give s(p).
-3
Suppose 0 = -i + 4*i - a - 4, -5*i + 8 = -a. Suppose 12 + 2 = -i*d. Let q = d - -12. Let f(s) = s**2 - 5*s + 5. What is f(q)?
5
Let b(h) be the first derivative of -h + 3*h + 1 - h**2 + 2*h**4 + 0*h**2 - h. Determine b(1).
7
Let k(z) = -3*z**2 + 3*z + 3. Let l(b) = 4*b**2 - 2*b - 2. Let d(x) = -5*k(x) - 4*l(x). Suppose -19*h = -24 + 119. Give d(h).
3
Suppose -5*j - 2 = -12. Let q(m) = 5*m - j*m - 3 - 2*m - 2*m. Give q(-5).
2
Let r(s) = 15*s**3 - s**2 + 1. Let t(k) = -k**3 - 4*k**2 + 2*k + 7. Let u be t(-4). Calculate r(u).
-15
Let c(s) = -2*s - 11. Let d be c(-7). Let r(l) be the second derivative of 1/6*l**3 + 0 - 1/2*l**2 - d*l. Give r(0).
-1
Let r(w) be the third derivative of -w**5/60 + w**4/24 + 5*w**3/6 - w**2. Let z be (-2)/(6/(-9)) + -3. Give r(z).
5
Let s(d) = 1 + 13*d + 3 - 6*d - 6*d. What is s(3)?
7
Let c(v) = v - 3. Let h be c(4). Let d(q) = 3*q**3 - 2*q**2 + 1. Determine d(h).
2
Let w(f) = 5*f - 2. Let r(l) = 3*l - 1. Let i(k) = -8*r(k) + 5*w(k). Give i(7).
5
Let a(g) = 3 - 2*g + g + 0. Let s be (-4 - -13) + -1 + 0. Suppose s*o = 3*o. Determine a(o).
3
Let q(l) = l + 7. Let d be (24/9)/((-3)/9). Let p = -13 - d. Determine q(p).
2
Let p(m) be the third derivative of m**6/120 - m**5/30 - m**4/24 + m**3/3 + 46*m**2. Determine p(2).
0
Let g(k) = -k**2 + 5*k - 2. Let r(v) = v + 13. Suppose 0*u + 18 = -2*u. Let n be r(u). Give g(n).
2
Suppose -2*g - 5 = -3*i, 0 = 3*g + 3*i + 2*i + 17. Let j(c) = -3*c. Determine j(g).
12
Let m(u) be the third derivative of u**5/60 + 5*u**4/24 + u**3 + 8*u**2. What is m(-4)?
2
Let f(k) = -5*k - 34. Let i be f(-7). Let r(c) = -8*c + 1. Determine r(i).
-7
Let n(h) = 7*h**2 + 3*h. Let i be (-48)/30*5/(-2). Let a(u) = -8*u**2 - 4*u. Let g(l) = i*a(l) + 5*n(l). Calculate g(2).
10
Let s(o) = o**2 - o + 1. Let g(r) = r - 4 - 9*r - 4. Let a(n) = -g(n) + s(n). What is a(-6)?
3
Let o(a) = -a + 0 - 5 + 4 - 2. Let c be o(-3). Let h(u) = u**3 - u + 8. Calculate h(c).
8
Let o(k) = 6*k. Let p be 1/((1 - -3) + -3). What is o(p)?
6
Let y(a) = -2*a**2 - 5*a - 3. Let i(f) = -2*f + 4. Let n be i(4). Let c be 1 - (-2)/(-2)*-1. Let b be (-2)/(n/(-3))*c. Determine y(b).
-6
Let n be (5/2)/((-5)/10). Let g(l) = -l**3 - 6*l**2 - 7*l - 2. What is g(n)?
8
Let j be -1*(2 + -1)*-8. Suppose 0 = -j*s + 3*s + 15. Let u(g) = -2*g + 4. Determine u(s).
-2
Let k = 0 + 0. Let m(a) be the third derivative of a**5/60 + a**4/24 + 4*a**3/3 + 7*a**2. What is m(k)?
8
Let v(t) = t**3 + 6*t**2 - 9*t - 9. Let o be v(-7). Suppose 4*r - r - 9 = 0. Let s(w) = -2 - 4*w - 3 - 4*w**2 - 1 + w**r. What is s(o)?
-1
Let l(p) be the second derivative of p**4/12 + p**3/6 + p**2 + 11*p. Give l(0).
2